usands digit of 44876?
4
What is the units digit of 822?
2
What is the hundreds digit of 86983?
9
What is the thousands digit of 1588?
1
What is the tens digit of 7236?
3
What is the tens digit of 8191?
9
What is the ten thousands digit of 18534?
1
What is the ten thousands digit of 36334?
3
What is the hundreds digit of 23736?
7
What is the ten thousands digit of 15332?
1
What is the tens digit of 819?
1
What is the hundred thousands digit of 173754?
1
What is the units digit of 1637?
7
What is the tens digit of 865?
6
What is the tens digit of 546?
4
What is the thousands digit of 9917?
9
What is the hundreds digit of 1572?
5
What is the tens digit of 4906?
0
What is the units digit of 312?
2
What is the hundreds digit of 12804?
8
What is the tens digit of 5243?
4
What is the units digit of 1220?
0
What is the tens digit of 6527?
2
What is the hundreds digit of 1948?
9
What is the units digit of 29484?
4
What is the thousands digit of 1457?
1
What is the units digit of 7025?
5
What is the thousands digit of 11108?
1
What is the tens digit of 6380?
8
What is the tens digit of 297?
9
What is the thousands digit of 55811?
5
What is the ten thousands digit of 33477?
3
What is the units digit of 59692?
2
What is the hundreds digit of 944?
9
What is the tens digit of 12847?
4
What is the hundreds digit of 1125?
1
What is the units digit of 45361?
1
What is the tens digit of 3235?
3
What is the hundreds digit of 9624?
6
What is the units digit of 5984?
4
What is the tens digit of 1792?
9
What is the tens digit of 29914?
1
What is the hundreds digit of 701?
7
What is the hundreds digit of 981?
9
What is the hundreds digit of 40376?
3
What is the hundreds digit of 116?
1
What is the units digit of 146580?
0
What is the hundreds digit of 4032?
0
What is the tens digit of 34726?
2
What is the units digit of 1256?
6
What is the units digit of 12072?
2
What is the hundreds digit of 23971?
9
What is the units digit of 729?
9
What is the tens digit of 1211?
1
What is the tens digit of 258?
5
What is the units digit of 1387?
7
What is the tens digit of 40437?
3
What is the hundreds digit of 2037?
0
What is the tens digit of 10848?
4
What is the units digit of 12447?
7
What is the ten thousands digit of 14341?
1
What is the thousands digit of 88306?
8
What is the tens digit of 302?
0
What is the hundreds digit of 683?
6
What is the hundreds digit of 2095?
0
What is the tens digit of 99276?
7
What is the tens digit of 69689?
8
What is the thousands digit of 1778?
1
What is the units digit of 4426?
6
What is the units digit of 3067?
7
What is the thousands digit of 7140?
7
What is the units digit of 48559?
9
What is the tens digit of 242?
4
What is the hundreds digit of 1203?
2
What is the units digit of 75690?
0
What is the hundreds digit of 417?
4
What is the units digit of 4259?
9
What is the units digit of 12610?
0
What is the thousands digit of 2405?
2
What is the hundreds digit of 1310?
3
What is the hundreds digit of 636?
6
What is the thousands digit of 3159?
3
What is the thousands digit of 21093?
1
What is the hundreds digit of 4992?
9
What is the units digit of 35944?
4
What is the thousands digit of 35600?
5
What is the tens digit of 26396?
9
What is the units digit of 25537?
7
What is the hundreds digit of 11677?
6
What is the units digit of 3087?
7
What is the hundreds digit of 785?
7
What is the thousands digit of 2817?
2
What is the units digit of 231?
1
What is the units digit of 869?
9
What is the tens digit of 64276?
7
What is the tens digit of 4180?
8
What is the tens digit of 1071?
7
What is the tens digit of 4133?
3
What is the units digit of 2482?
2
What is the hundreds digit of 6506?
5
What is the units digit of 835?
5
What is the ten thousands digit of 56111?
5
What is the tens digit of 119356?
5
What is the thousands digit of 119991?
9
What is the units digit of 1210?
0
What is the units digit of 1163?
3
What is the tens digit of 22385?
8
What is the thousands digit of 39375?
9
What is the hundreds digit of 20019?
0
What is the units digit of 1049?
9
What is the thousands digit of 1113?
1
What is the tens digit of 637?
3
What is the thousands digit of 1263?
1
What is the hundreds digit of 108935?
9
What is the tens digit of 22979?
7
What is the thousands digit of 2675?
2
What is the ten thousands digit of 12968?
1
What is the thousands digit of 1468?
1
What is the hundreds digit of 507?
5
What is the units digit of 288?
8
What is the tens digit of 3996?
9
What is the hundreds digit of 47735?
7
What is the thousands digit of 41890?
1
What is the hundreds digit of 921?
9
What is the tens digit of 692?
9
What is the hundreds digit of 9227?
2
What is the hundreds digit of 1400?
4
What is the tens digit of 7741?
4
What is the hundreds digit of 3338?
3
What is the units digit of 150960?
0
What is the ten thousands digit of 23224?
2
What is the thousands digit of 1562?
1
What is the thousands digit of 2538?
2
What is the thousands digit of 62274?
2
What is the units digit of 665?
5
What is the hundreds digit of 531?
5
What is the thousands digit of 2704?
2
What is the units digit of 82?
2
What is the tens digit of 91851?
5
What is the units digit of 66508?
8
What is the units digit of 1641?
1
What is the hundreds digit of 522?
5
What is the thousands digit of 8433?
8
What is the units digit of 232?
2
What is the tens digit of 118240?
4
What is the hundreds digit of 241?
2
What is the hundreds digit of 134710?
7
What is the tens digit of 9748?
4
What is the tens digit of 1311?
1
What is the hundreds digit of 206?
2
What is the tens digit of 5395?
9
What is the hundreds digit of 11601?
6
What is the thousands digit of 116884?
6
What is the hundreds digit of 321?
3
What is the units digit of 913?
3
What is the thousands digit of 25065?
5
What is the thousands digit of 34130?
4
What is the thousands digit of 2509?
2
What is the hundreds digit of 2401?
4
What is the units digit of 813?
3
What is the ten thousands digit of 29820?
2
What is the units digit of 30614?
4
What is the units digit of 29458?
8
What is the hundreds digit of 4451?
4
What is the tens digit of 161?
6
What is the units digit of 139422?
2
What is the thousands digit of 56135?
6
What is the hundreds digit of 8841?
8
What is the ten thousands digit of 18327?
1
What is the units digit of 2343?
3
What is the tens digit of 4665?
6
What is the ten thousands digit of 83000?
8
What is the hundreds digit of 2275?
2
What is the tens digit of 20740?
4
What is the units digit of 1254?
4
What is the ten thousands digit of 17691?
1
What is the tens digit of 6005?
0
What is the thousands digit of 9714?
9
What is the tens digit of 375?
7
What is the tens digit of 6067?
6
What is the hundreds digit of 1605?
6
What is the thousands digit of 2902?
2
What is the tens digit of 6374?
7
What is the hundreds digit of 51420?
4
What is the tens digit of 1681?
8
What is the hundreds digit of 49786?
7
What is the tens digit of 18104?
0
What is the tens digit of 2337?
3
What is the hundreds digit of 5495?
4
What is the ten thousands digit of 83106?
8
What is the tens digit of 1913?
1
What is the thousands digit of 14940?
4
What is the hundreds digit of 1024?
0
What is the hundreds digit of 25739?
7
What is the tens digit of 6065?
6
What is the hundreds digit of 5308?
3
What is the hundreds digit of 213?
2
What is the units digit of 10392?
2
What is the thousands digit of 4218?
4
What is the hundred thousands digit of 134542?
1
What is the hundreds digit of 420?
4
What is the hundreds digit of 19375?
3
What is the ten thousands digit of 14287?
1
What is the units digit of 1137?
7
What is the thousands digit of 2081?
2
What is the tens digit of 119?
1
What is the ten thousands digit of 19233?
1
What is the units digit of 1473?
3
What is the thousands digit of 15107?
5
What is the tens digit of 32601?
0
What is the hundreds digit of 970?
9
What is the tens digit of 34215?
1
What is the hundreds digit of 1146?
1
What is the tens digit of 9932?
3
What is the tens digit of 1467?
6
What is the tens digit of 1839?
3
What is the units digit of 9155?
5
What is the tens digit of 49?
4
What is the tens digit of 956?
5
What is the tens digit of 511?
1
What is the hundreds digit of 7969?
9
What is the hundreds digi